e the remainder when h(-4) is divided by u.
4
Suppose 14*f = f + 546. What is the remainder when 121 is divided by f?
37
Suppose 5*m - m - 32 = -4*i, 0 = -3*i - 6. Suppose g = 6*g - 135. Calculate the remainder when g is divided by m.
7
Let b = -114 + 167. What is the remainder when 154 is divided by b?
48
Suppose -3*k = -100 - 26. Suppose 5*i - 2*p = 123, -2*i + 2*p = 3*p - k. Let n(v) = v**3 - 4*v**2 + 2*v. What is the remainder when i is divided by n(4)?
7
Let t(x) = 2*x. Suppose 0*a = 5*a - 25. Calculate the remainder when 28 is divided by t(a).
8
Let k = -4 + 20. Let a = -10 + k. Calculate the remainder when 21 is divided by a.
3
Suppose 3*o - 19 = 125. What is the remainder when o is divided by 17?
14
Let c = 44 - 20. Calculate the remainder when 94 is divided by (1*-16)/(c/(-36)).
22
Let t = 119 - 41. Calculate the remainder when t is divided by 20.
18
Let t(r) = r**3 - r**2 + r + 13. Suppose 5*v = 3*b - 26 - 60, -4*v = -20. Calculate the remainder when b is divided by t(0).
11
Let k(u) = -u**3 + 7*u**2 + 21*u + 2. Calculate the remainder when k(9) is divided by 9.
2
Let b be 6/2 - (4 + -3). Suppose 27 = 3*p + 5*n, -3*p + n + 11 = b. Calculate the remainder when 5 is divided by p.
1
Let v(d) = 3 - 5 + 4 + d. Let c(u) = -u**2 - 29*u - 24. Calculate the remainder when v(5) is divided by c(-28).
3
Suppose 0*x + 188 = 4*u + 4*x, 4*u + x - 176 = 0. Calculate the remainder when u is divided by 15.
13
Suppose -2*o - a + 6 = -0, -2*o + 5*a + 18 = 0. Let y(i) = 2*i + 1 - 2 + 6. Calculate the remainder when 25 is divided by y(o).
12
Let d(w) = 8*w + 1. Let x = 2 + -1. What is the remainder when d(x) is divided by 4?
1
Let p(w) = -w**3 + 4*w**2 + 4*w - 3. Let o = 18 + -14. Calculate the remainder when 2/6 - 136/(-6) is divided by p(o).
10
What is the remainder when 85 is divided by ((1 - -1)/(-4))/((-2)/176)?
41
Let z = 24 + -8. Let o = z - -2. What is the remainder when o is divided by 10?
8
Let j(v) = v**2 - 2*v + 10. What is the remainder when j(3) is divided by 6?
1
Let v = -103 - -134. Calculate the remainder when 120 is divided by v.
27
Suppose 0 = 2*c + 33 - 101. Let a = 29 - 17. Calculate the remainder when c is divided by a.
10
Suppose -37*d + 228 = -33*d. What is the remainder when d is divided by 16?
9
Let l(u) = u**3 - 5*u**2 + 4*u + 5. Let o(a) = a**2 + 5*a - 3. Let z be o(-9). Calculate the remainder when l(4) is divided by z/9 - (-4)/(-6).
2
Let a = -2 - -20. Let s be (-186)/(-14) - (-4)/(-14). Let t = 23 - s. Calculate the remainder when a is divided by t.
8
Suppose -8 = -4*o - 3*w, -4*w + 0 = 2*o + 6. Suppose -o*g = -9*g + 52. What is the remainder when 37 is divided by g?
11
Let p(l) = 4*l**3 + 0*l**2 - l**2 + 4*l - 5*l**3. Let m be p(-3). Suppose -31 = -5*f - m. What is the remainder when f is divided by 3?
2
Let y(v) = 2*v + 3. Let f be y(3). Let r = f - 5. Calculate the remainder when 6 is divided by r.
2
Let x = 48 + -42. What is the remainder when 7 is divided by x?
1
Let l(w) = w**2 - 7*w + 11. Let f be l(8). Let a = f + -3. Calculate the remainder when 46 is divided by a.
14
Let f(g) = g**2 - 4*g - 3. Let h(m) = -m**2 + 8*m - 1. Calculate the remainder when f(6) is divided by h(7).
3
Suppose -4*r - 24 = -a - 6*r, 3*r = 9. Calculate the remainder when 50 is divided by a.
14
Suppose 48 = 4*z - 3*z - 4*n, 2*n + 222 = 5*z. Let b(a) = -a**2 + a + 1. Let u be b(-4). Let c = 34 + u. Calculate the remainder when z is divided by c.
14
What is the remainder when 132 is divided by 2 + (15 - (1 + -3))?
18
Suppose i - 4 = -0*i - 5*m, -14 = -i + 5*m. Let a(x) = -x**2 - 6*x - 6. Let z be a(-5). Calculate the remainder when (z/((-2)/(-68)))/(-2) is divided by i.
8
Suppose 2*l - 2*f = 24, 3*l - 3*f = -f + 34. What is the remainder when 38 is divided by l?
8
Suppose a = 3*a - 4. What is the remainder when a is divided by 2?
0
Suppose -q + 3 + 0 = 0. Suppose 0 = z - q*z. Calculate the remainder when 28 + z + -1 + 2 is divided by 15.
14
Let j(u) = -2*u**3 - 7*u**2 - 6*u - 3. Calculate the remainder when j(-4) is divided by 14.
9
Suppose -v + 28 + 19 = 0. What is the remainder when v is divided by 24?
23
Suppose -2*l + 6*l - 84 = 0. Calculate the remainder when l is divided by 8.
5
Let t be (-1 + 0)/(1/(-5)). Let l = 10 - t. Suppose -l*k = -70 - 0. Calculate the remainder when 40 is divided by k.
12
Calculate the remainder when 6/9 - (-1)/((-9)/(-831)) is divided by 16.
13
Let s be (-12)/(-20) + (-44)/(-10). Suppose s*b + 1 = w, 0*b = -2*b + 6. Calculate the remainder when w is divided by 9.
7
Let p be (-1 + 2)*-6*-15. Let a = p - 62. Let z = 58 + -48. Calculate the remainder when a is divided by z.
8
Let r = -107 + 118. Calculate the remainder when 42 is divided by r.
9
Let v(t) = -2*t**3 - 2*t**2 - 3*t. Let h(u) = u + 8. Let o be h(-10). What is the remainder when 28 - (3 - (1 + 1)) is divided by v(o)?
13
Let j = -4 + 6. Let c(d) = d + 1. Calculate the remainder when c(3) is divided by j.
0
Let n(r) = 3*r**2 + 3*r - 3. What is the remainder when 89 is divided by n(-3)?
14
Suppose y + 7 = 4. Let d = y - -1. Calculate the remainder when (78/4)/((-1)/d) is divided by 20.
19
Let x(w) = w**2 - 3*w + 2. Let n be x(2). Suppose 3*k - 6 + 0 = n. Calculate the remainder when 40 is divided by (k - 2 - -1) + 13.
12
Suppose -2*p = -4*n + 1380, 0 = n + p - 3*p - 339. Suppose n = 5*z - 4*u, -4*z + 286 = u - 0*u. Calculate the remainder when z is divided by 24.
23
Suppose -5*q - 2*y + 31 + 50 = 0, 5*y = -4*q + 75. Calculate the remainder when 58 is divided by q.
13
Let q(t) = -t**3 - 7*t**2 - 4*t - 8. What is the remainder when (1 - 5)*(-116)/8 is divided by q(-7)?
18
Let o = -16 + 31. Calculate the remainder when 43 is divided by o.
13
Suppose 4*w - 7*w = -189. What is the remainder when w is divided by 16?
15
Let g(l) = 5*l - 38. Let r(z) = -2*z + 13. Let h(n) = -3*g(n) - 8*r(n). Calculate the remainder when 8 is divided by h(-7).
2
Let g(p) = -4*p - 1. Suppose 4 - 14 = 5*d. Let y = d - 1. Calculate the remainder when 32 is divided by g(y).
10
Let o(w) = w**3 + 4*w**2 - w + 4. Let m be 261/12 - (-1)/4. Suppose -3*c - m + 67 = 0. Calculate the remainder when c is divided by o(-4).
7
Let t(l) = l**3 - 4*l**2 + 2*l - 2. Let s be t(4). Suppose 0 = -s*i + 2*i + 52. Calculate the remainder when 49 is divided by i.
10
Let g be (14 - 4)*(-9)/(-15). Let n = -9 + 4. Let q = g + n. What is the remainder when q is divided by 1?
0
Suppose -20 = -5*k + k. Calculate the remainder when k is divided by -2 - -4 - 1/(-1).
2
Let f(y) = 3*y. Calculate the remainder when f(11) is divided by 7.
5
Let c(t) = -t**3 - 8*t**2 - 14*t - 10. Let d(i) = 2*i**2 - 4*i + 1. Calculate the remainder when d(3) is divided by c(-6).
1
Let a(l) = -l**3 + 9*l**2 + 10*l + 21. Calculate the remainder when a(8) is divided by 42.
39
Let t(g) = -4*g**2 + 3*g + 1. Let f be t(-2). Calculate the remainder when 21 is divided by -12*(f/6 + 3).
3
Suppose 0*l - 5*r = 2*l + 10, -2*l + 5*r = -30. Let q = l + 11. Suppose -5*b = -24 - 6. Calculate the remainder when q is divided by b.
4
Suppose f + 1 = 3. Suppose -3*c + 3*i - 4*i = -90, 0 = -f*i. What is the remainder when c is divided by 8?
6
Suppose 0 = 2*r - 4*s - 20 - 8, 0 = 2*r - 5*s - 32. What is the remainder when 21 is divided by r?
3
Let v = 109 - 98. Suppose l - 2 = -d, 2*l + 3*l - 50 = 5*d. Calculate the remainder when 6*(20/l)/1 is divided by v.
9
Let o(s) = -s**2 + 7*s - 2. Suppose 0 = -7*k - 9 + 30. What is the remainder when o(5) is divided by k?
2
Let d = -41 - -72. Calculate the remainder when 121 is divided by d.
28
Let s = -2 - -6. Suppose -9 = s*r - 45. What is the remainder when 43 is divided by r?
7
Let o(d) = d**3 + 9*d**2 - d + 8. Let w = -17 + 8. Let n(j) = -5*j**3 + j**2 - j - 1. Calculate the remainder when o(w) is divided by n(-1).
5
Let l(f) = 4*f**3 - 2*f**2 + f + 1. Let n be l(2). What is the remainder when 69 is divided by (16/6)/4*n?
15
Let b(q) = 3*q**2 + 15*q + 1. What is the remainder when 49 is divided by b(-6)?
11
Suppose -3*i = r + 171, 0 = -5*i - r - 3*r - 278. Let y = 81 + i. What is the remainder when y is divided by 12?
11
Suppose -169 = -0*i - 4*i - 3*t, 0 = 3*i - 4*t - 108. Calculate the remainder when i is divided by 21.
19
Suppose 0*t = -3*t + 99. Calculate the remainder when 65 is divided by t.
32
Suppose 0*a